t l(o) = -x*o**2 + 38*o**2 - 4*o - 3 - o**3 + 3*o. What is the units digit of l(-4)?
3
Let h = 251 + -745. What is the units digit of h/(6/(-4)*(-4)/(-3))?
7
Suppose -5*i = -3*m + 31, 0 = -5*m + 5*i - i + 30. Suppose m*n + 2*n + 4*b = 24, -2*n = -4*b + 12. Suppose -n*y = -49 - 77. What is the units digit of y?
3
Let x = -467 - -477. What is the units digit of (-1)/x*-11132 - 1/5?
3
Let t(p) = 13*p**2 - 13*p**2 + 5*p + 7 + 2 + 23*p**2. What is the tens digit of t(-2)?
9
Let b = 131 - 119. What is the tens digit of -2 + (642/b - 2/4)?
5
Let n(d) be the second derivative of -3*d**3 - 17*d**2/2 - 9*d. Let w be n(-4). What is the tens digit of 11/(w/360) - -1?
7
Suppose 1980 = 3*t + 3*r, 5*t - 3*r - 3276 = -2*r. Let f = t - 295. What is the hundreds digit of f?
3
Suppose -3*h - 1924 = -5602. What is the tens digit of h?
2
Let h be 2747 - (8 - (3 + 0)). Suppose 3*k - k = 4*u + 1798, 0 = 3*k + 3*u - h. What is the units digit of k?
9
Let v = 5 - 1. Suppose -v*j = 2*s - s - 10, -5*j + 2*s = -6. Suppose 4*r - 612 = 4*c, j*c = -2*r - c + 296. What is the units digit of r?
1
Suppose -2*f + 2*w - 48 = 122, -3*w = 6. Let d(y) = 40*y - 2. Let i be d(-4). Let c = f - i. What is the tens digit of c?
7
Let s(c) = -2*c - 30. Let g be s(-29). Suppose 4*f + 15840 = g*f. What is the tens digit of f?
6
Suppose 2*u = 2*f + 2272, 2*f + 2733 = 4*u - 1821. Let x = 1710 - u. What is the tens digit of x?
6
Let u(r) = -6 - 1 + 2 - 12*r. Suppose -13*z + 252 - 356 = 0. What is the units digit of u(z)?
1
Suppose 0 = -l - 0 - 2, p + 5*l = 11108. What is the units digit of (1 - p/(-30)) + 2/5?
2
Let k(q) = 280*q**2 - 222*q - 907. What is the thousands digit of k(-4)?
4
Let b(h) = -9*h + 4. Let i = 33 + -95. Let p = -65 - i. What is the tens digit of b(p)?
3
Let i = 22252 + -12976. What is the tens digit of i?
7
Let b be (-271252)/510 + (-4)/30. Let n = -418 - b. What is the hundreds digit of n?
1
Let c = 826 + -857. Let a(u) = -u**2 - 23*u + 258. What is the units digit of a(c)?
0
Let k(z) = -z + 30. Let u be k(10). Let h = u - 17. Suppose -t + h*n + 28 = 0, 2*n + 14 - 4 = 0. What is the units digit of t?
3
Let y(g) = -g**2 + 15*g + 7. Let f be y(5). Suppose l = 59 - f. Let m(j) = 20*j**2 - 7*j - 2. What is the tens digit of m(l)?
6
Let z be (-6 + 108)/(-6) - (2 - 4). Let m(n) = -30*n + 72. What is the hundreds digit of m(z)?
5
What is the hundreds digit of (-1 - -43)*((-3126)/(-18) + 24)?
3
Let c(m) = -7*m**2 - 16*m**2 - 12 + 2*m**3 + 11*m + 20*m**2 - 3*m**3. Let f be c(-9). Let g = -252 + f. What is the units digit of g?
3
Let m(u) = 5*u**2 + 24*u - 30. What is the tens digit of m(23)?
6
Let q(z) = -224*z - 12*z + 225*z + 33. Let c = 7 + -18. What is the hundreds digit of q(c)?
1
Suppose 1352220 = -247*u + 402*u. What is the units digit of u?
4
Let z(m) = -7*m**3 + 5*m - 3. Let q be z(3). Suppose -3*k - k + 1030 = 5*y, 5*k = -3*y + 1281. Let x = k + q. What is the tens digit of x?
7
Let j(a) = a**3 - 6*a**2 - 17*a + 17. Let g be j(8). Suppose r - g*u + 5*u = 159, 3*r - 5*u - 505 = 0. What is the tens digit of r?
7
Let s = 13133 - 6606. What is the hundreds digit of s?
5
Let l(y) = -130*y**3 + 179*y**2 + 18*y + 17. What is the hundreds digit of l(-7)?
2
What is the tens digit of 0 + -3*14069/(-33)?
7
Let q(p) = -1648*p**3 - 3*p**2 - 3*p. Suppose 2*d + 5*k - k = -2, 0 = -4*d + 3*k - 4. What is the thousands digit of q(d)?
1
Suppose -3*i + 7*i = 1884. Let g be 782/230 + (-48)/70 + (-2)/(-7). Suppose 153 = x - d, 4*x + g*d - i = x. What is the tens digit of x?
5
Let g = 39765 - 8330. What is the units digit of g?
5
What is the hundreds digit of (5*(-317 + -10))/(1326/(-654) - -2)?
4
Let y = -2599 - -8492. What is the thousands digit of y?
5
What is the tens digit of (-4606)/1316 - ((-214998)/4 - 2)?
4
Let w = 86 + -41. Let l be (-3201)/w - 2/(-15). Let c = 221 + l. What is the units digit of c?
0
Let q(n) = n + 21. Let x(l) = -3*l - 63. Let k(g) = 17*q(g) + 6*x(g). Let y be k(-18). What is the hundreds digit of 3*(41 + y) + -1?
1
Suppose 0 = 2*y - 10, -37 = 4*j - j - 5*y. Let o(n) = -6 - 4 - 32*n - 4 + 4. What is the tens digit of o(j)?
1
Let r = -332 + 1051. Let z = -343 + r. What is the hundreds digit of z?
3
What is the tens digit of (45040/(-64))/(20/(-32))?
2
Let t(j) be the third derivative of -j**6/40 - j**5/6 + j**4/3 - 14*j**3/3 - 119*j**2. What is the hundreds digit of t(-8)?
8
Suppose -2*y = 8*y - 95*y + 1655800. What is the thousands digit of y?
9
Let g(z) = 4*z**3 - 4*z**2 - z - 16. Suppose -25*l - 15 = -28*l. What is the units digit of g(l)?
9
Let s be 46/(-115) + (-2 - 13074/(-10)). Let u = s - 930. What is the hundreds digit of u?
3
Let v(s) = s**3 - s**2 - 8*s + 10. Let o be v(3). Suppose 10*z = 9*z + 80. Let w = z - o. What is the units digit of w?
6
Suppose -13*y + 3*g = -12*y + 12, 0 = g - 7. Let z(l) = 872*l**2 + l - 1. Let i be z(1). Suppose y*h = 17*h - i. What is the units digit of h?
9
What is the tens digit of (86/(-8))/(((-1162)/(-112))/(-83))?
8
What is the units digit of (77/(-22) + 1)*(-1820 + 0)/1?
0
Let u(g) = 8*g**3 - g**2 - 51*g - 5. Let b(v) = 11*v**3 - 2*v**2 - 77*v - 8. Let m(s) = 5*b(s) - 7*u(s). What is the units digit of m(-7)?
7
Let r(h) = -148*h + 4237. What is the ten thousands digit of r(-95)?
1
Suppose -1020547 = -296*x + 2471697 + 9026188. What is the tens digit of x?
9
Suppose u - 20 = -4*p, 3*p - 2*p - 5*u + 16 = 0. Let i = 9 - p. Suppose 3*f - 258 - 220 = -i*l, l + 146 = f. What is the tens digit of f?
5
Let x(s) = 23*s + 8. Let m be x(-3). What is the units digit of (m + 1)/(12/(-54))?
0
Let b be 3*8/(-4) - -4596. What is the tens digit of b/10 + (-10)/2?
5
Let a = 28008 + -2360. What is the thousands digit of a?
5
Let w = 151 - -84. Suppose 0 = 33*b - 24*b - 1251. Let q = w - b. What is the units digit of q?
6
Suppose 0*j - 4*o + 49 = -j, 0 = 5*j + o + 224. Let n = 122 + j. What is the tens digit of 2 + -2 + n + 0?
7
Let s(k) = 2*k**3 + 4*k**2 + 10. Let x be s(6). Let u = x - 388. What is the hundreds digit of u?
1
What is the thousands digit of 48/(-1608) - (-19705715)/335?
8
Let i be (0 - 38/(-4))/(17/(-306)). Let n = 92 - 162. Let y = n - i. What is the hundreds digit of y?
1
Suppose 6*w = 5*w + 3. Let j(y) = 6*y**3 + 6*y**2 - 3*y + 6. What is the tens digit of j(w)?
1
Let q(d) be the third derivative of -d**6/60 + 23*d**5/20 - 25*d**4/24 + 21*d**3/2 + 84*d**2. What is the units digit of q(34)?
9
Let u(q) = 1545*q**2 - 271*q + 1096. What is the tens digit of u(4)?
3
Let c(d) = d**2 + 5*d - 26. Let t be c(3). Let b(u) = 9 + 16*u**2 - 9*u + 15*u + 24*u**2. What is the hundreds digit of b(t)?
1
Let z = -186 + 192. Suppose -4*l + z*l - 93 = 5*q, 48 = l - 4*q. What is the tens digit of l?
4
Suppose 6758 = 5*u + 26*u. Suppose u*q + 5106 = 224*q. What is the hundreds digit of q?
8
Let c = 962 + -496. Suppose 4*n = 7*n - 9, -a - 4*n + c = 0. What is the tens digit of a?
5
Let t = 514 - 522. What is the units digit of (-7400)/t + 4 + 3?
2
Let o be (1 + 0)*(-127 - 32). What is the hundreds digit of o/((1 - -2) + (-144)/44)?
5
Let q(d) = 8*d**2 + 10*d**2 + 29*d - 12*d**2 + 1. Let s be q(-5). Suppose -175 = -s*x + 5*x. What is the tens digit of x?
7
Let g(c) = 20*c - 85. Let a be g(5). Suppose a*f = 2*f + 8671. What is the units digit of f?
7
Suppose -32724 = -3*n - 3*c, 24*c - 28*c - 10933 = -n. Suppose 6*j + 2489 - n = 0. What is the tens digit of j?
0
Let p = 116617 + -67515. What is the thousands digit of p?
9
Let s be 231964/24 + (-5)/30. Suppose 0 = -396*g + 401*g - s. What is the hundreds digit of g?
9
What is the tens digit of (-5502)/((-333)/(-36) - 10)?
3
What is the tens digit of 5475 + (19 - 11 - 15)?
6
Let w be -2 - -15*4/(-36)*-3. Suppose 1 = -p + 5*n, -21 = -5*p - n - 0*n. Suppose j - p*x - 60 = 0, w*x - 155 = -4*j + 2*x. What is the tens digit of j?
4
Suppose 0 = -6*w + 7*w - 2*n + 34, 82 = -3*w + n. What is the units digit of w/(-4) + -4 + (-9009)/(-22)?
2
Let x be (-15)/2*(-16520)/105. Suppose -1405 = -11*b + x. What is the tens digit of b?
3
Suppose 4*s + 216 = 10*s. Let m = s + -37. Let q(f) = -91*f**3 + f**2. What is the units digit of q(m)?
2
Suppose 665 = -16*j + 217. What is the tens digit of j/(-84) - 6513/(-9)?
2
Suppose -4*z = -y + 350, 3*y - 792 = -2*z + 272. Let n = y - 60. What is the hundreds digit of 